{"id":104,"date":"2024-10-20T11:20:14","date_gmt":"2024-10-20T09:20:14","guid":{"rendered":"https:\/\/acteurs-lr.fr\/?page_id=104"},"modified":"2026-01-13T11:44:57","modified_gmt":"2026-01-13T10:44:57","slug":"bilans-de-competences-et-vae","status":"publish","type":"page","link":"https:\/\/acteurs-lr.fr\/index.php\/bilans-de-competences-et-vae\/","title":{"rendered":"Bilans de Comp\u00e9tences et VAE"},"content":{"rendered":"\n<div style=\"height:62px\" aria-hidden=\"true\" class=\"wp-block-spacer\"><\/div>\n\n\n\n<h2 class=\"wp-block-heading\"><img loading=\"lazy\" decoding=\"async\" width=\"100\" height=\"100\" class=\"wp-image-94\" style=\"width: 100px;\" src=\"http:\/\/acteurs-lr.fr\/wp-content\/uploads\/2024\/10\/picto_js.jpg\" alt=\"Picto BC et VAE\"> Bilan de Comp\u00e9tences<\/h2>\n\n\n\n<p><strong>Devenez Acteurs de votre avenir professionnel !<\/strong><\/p>\n\n\n\n<p>Objectifs:<\/p>\n\n\n\n<ul class=\"wp-block-list\">\n<li>Explorer et valoriser des comp\u00e9tences personnelles et professionnelles, des aptitudes et des motivations<\/li>\n\n\n\n<li>D\u00e9finir un projet professionnel r\u00e9aliste et r\u00e9alisable et, le cas \u00e9ch\u00e9ant, un projet de formation<\/li>\n\n\n\n<li>Utiliser les atouts mis en lumi\u00e8re comme un instrument de n\u00e9gociation pour un emploi, une formation, une \u00e9volution de<br>carri\u00e8re<\/li>\n\n\n\n<li>Mener une analyse de la faisabilit\u00e9 du projet eu \u00e9gard aux besoins socio-\u00e9conomiques du territoire de vie et d\u2019activit\u00e9 de la personne<\/li>\n<\/ul>\n\n\n\n<p>Public: Demandeurs.ses d\u2019emploi, salari\u00e9.es<\/p>\n\n\n\n<p><img loading=\"lazy\" decoding=\"async\" width=\"20\" height=\"20\" class=\"wp-image-210\" style=\"width: 20px;\" src=\"http:\/\/acteurs-lr.fr\/wp-content\/uploads\/2024\/10\/download-1.gif\" alt=\"\"> <a href=\"https:\/\/acteurs-lr.fr\/wp-content\/uploads\/2025\/03\/plaquette_acc_bc.pdf\" data-type=\"attachment\" data-id=\"286\">Plaquette de communication sur nos actions Bilan de Comp\u00e9tences<\/a><\/p>\n\n\n\n<p><a href=\"https:\/\/acteurs-lr.fr\/wp-content\/uploads\/2025\/09\/fiche_action_acc_bc.pdf\" data-type=\"attachment\" data-id=\"312\"><img loading=\"lazy\" decoding=\"async\" width=\"20\" height=\"20\" class=\"wp-image-210\" style=\"width: 20px;\" src=\"http:\/\/acteurs-lr.fr\/wp-content\/uploads\/2024\/10\/download-1.gif\" alt=\"\"> Fiche descriptive de l&#8217;action Bilan de Comp\u00e9tences (24h)<\/a><\/p>\n\n\n\n<p><a href=\"https:\/\/acteurs-lr.fr\/wp-content\/uploads\/2025\/03\/fiche_action_acc_bc_cp.pdf\" data-type=\"attachment\" data-id=\"289\"><img loading=\"lazy\" decoding=\"async\" width=\"20\" height=\"20\" class=\"wp-image-210\" style=\"width: 20px;\" src=\"http:\/\/acteurs-lr.fr\/wp-content\/uploads\/2024\/10\/download-1.gif\" alt=\"\"> Fiche descriptive de l&#8217;action Bilan de Comp\u00e9tences &#8211; Confirmation de Projet (14h)<\/a><\/p>\n\n\n\n<p><strong>S&#8217;inscrire \u00e0 cette formation depuis votre compte CPF:<\/strong><br><a href=\"https:\/\/www.moncompteformation.gouv.fr\/espace-prive\/html\/#\/formation\/recherche\/modalite\/localite\/resultats?q=%7B%22ou%22:%7B%22modality%22:%22EN_CENTRE_MIXTE%22,%22type%22:%22CP%22,%22ville%22:%7B%22nom%22:%22MONTPELLIER%22,%22codePostal%22:%2234000%22,%22codeInsee%22:%2234172%22,%22coordonnee%22:%7B%22longitude%22:3.869198,%22latitude%22:43.613087%7D,%22eligibleCpf%22:true%7D%7D,%22debutPagination%22:1,%22nombreOccurences%22:6,%22quoiReferentiel%22:%7B%22code%22:%22CPF202%22,%22libelle%22:%22BILAN%20DE%20COMPETENCES%22,%22type%22:%22CERTIFICATION%22,%22publics%22:%5B%22GD_PUBLIC%22%5D%7D,%22quoi%22:null,%22certifications%22:null,%22contexteFormation%22:%22ACTIVITE_PROFESSIONNELLE%22,%22distance%22:500,%22nomOrganisme%22:%22ASSOCIATION%20ACTEURS%22,%22conformiteReglementaire%22:null,%22endDate%22:null,%22startDate%22:null,%22evaluation%22:null,%22niveauSortie%22:null,%22prix%22:null,%22rythme%22:null,%22onlyWithAbondementsEligibles%22:false,%22durationHours%22:null%7D\" data-type=\"link\" data-id=\"https:\/\/www.moncompteformation.gouv.fr\/espace-prive\/html\/#\/formation\/recherche\/modalite\/localite\/resultats?q=%7B%22ou%22:%7B%22modality%22:%22EN_CENTRE_MIXTE%22,%22type%22:%22CP%22,%22ville%22:%7B%22nom%22:%22MONTPELLIER%22,%22codePostal%22:%2234000%22,%22codeInsee%22:%2234172%22,%22coordonnee%22:%7B%22longitude%22:3.869198,%22latitude%22:43.613087%7D,%22eligibleCpf%22:true%7D%7D,%22debutPagination%22:1,%22nombreOccurences%22:6,%22quoiReferentiel%22:%7B%22code%22:%22CPF202%22,%22libelle%22:%22BILAN%20DE%20COMPETENCES%22,%22type%22:%22CERTIFICATION%22,%22publics%22:%5B%22GD_PUBLIC%22%5D%7D,%22quoi%22:null,%22certifications%22:null,%22contexteFormation%22:%22ACTIVITE_PROFESSIONNELLE%22,%22distance%22:500,%22nomOrganisme%22:%22ASSOCIATION%20ACTEURS%22,%22conformiteReglementaire%22:null,%22endDate%22:null,%22startDate%22:null,%22evaluation%22:null,%22niveauSortie%22:null,%22prix%22:null,%22rythme%22:null,%22onlyWithAbondementsEligibles%22:false,%22durationHours%22:null%7D\"><img loading=\"lazy\" decoding=\"async\" width=\"20\" height=\"20\" class=\"wp-image-219\" style=\"width: 20px;\" src=\"http:\/\/acteurs-lr.fr\/wp-content\/uploads\/2024\/10\/lien.gif\" alt=\"\"> <\/a><a href=\"https:\/\/www.moncompteformation.gouv.fr\/espace-prive\/html\/#\/formation\/recherche\/resultats?q=%7B%22ou%22:%7B%22modality%22:%22EN_CENTRE_MIXTE%22,%22type%22:%22CP%22,%22ville%22:%7B%22nom%22:%22MONTPELLIER%22,%22codePostal%22:%2234000%22,%22codeInsee%22:%2234172%22,%22coordonnee%22:%7B%22longitude%22:3.869198,%22latitude%22:43.613087%7D,%22eligibleCpf%22:true%7D%7D,%22debutPagination%22:1,%22nombreOccurences%22:10,%22contexteFormation%22:%22ACTIVITE_PROFESSIONNELLE%22,%22quoi%22:%22BILAN%20DE%20COMPETENCES%22,%22quoiReferentiel%22:null,%22nomOrganisme%22:%22ASSOCIATION%20ACTEURS%22,%22endDate%22:null,%22startDate%22:null,%22evaluation%22:null,%22niveauSortie%22:null,%22minPrix%22:null,%22maxPrix%22:null,%22rythme%22:null,%22onlyWithAbondementsEligibles%22:null,%22durationHours%22:null,%22certifications%22:null,%22certificationComplete%22:null,%22distance%22:50000,%22conformiteReglementaire%22:null%7D\" data-type=\"link\" data-id=\"https:\/\/www.moncompteformation.gouv.fr\/espace-prive\/html\/#\/formation\/recherche\/resultats?q=%7B%22ou%22:%7B%22modality%22:%22EN_CENTRE_MIXTE%22,%22type%22:%22CP%22,%22ville%22:%7B%22nom%22:%22MONTPELLIER%22,%22codePostal%22:%2234000%22,%22codeInsee%22:%2234172%22,%22coordonnee%22:%7B%22longitude%22:3.869198,%22latitude%22:43.613087%7D,%22eligibleCpf%22:true%7D%7D,%22debutPagination%22:1,%22nombreOccurences%22:10,%22contexteFormation%22:%22ACTIVITE_PROFESSIONNELLE%22,%22quoi%22:%22BILAN%20DE%20COMPETENCES%22,%22quoiReferentiel%22:null,%22nomOrganisme%22:%22ASSOCIATION%20ACTEURS%22,%22endDate%22:null,%22startDate%22:null,%22evaluation%22:null,%22niveauSortie%22:null,%22minPrix%22:null,%22maxPrix%22:null,%22rythme%22:null,%22onlyWithAbondementsEligibles%22:null,%22durationHours%22:null,%22certifications%22:null,%22certificationComplete%22:null,%22distance%22:50000,%22conformiteReglementaire%22:null%7D\">Lien vers les fiches CPF pour les Bilan de Comp\u00e9tences (24h) et Bilan de Comp\u00e9tences  Confirmation de Projet (14h)<\/a><\/p>\n\n\n\n<div style=\"height:66px\" aria-hidden=\"true\" class=\"wp-block-spacer\"><\/div>\n\n\n\n<h2 class=\"wp-block-heading\"><img loading=\"lazy\" decoding=\"async\" width=\"100\" height=\"100\" class=\"wp-image-94\" style=\"width: 100px;\" src=\"http:\/\/acteurs-lr.fr\/wp-content\/uploads\/2024\/10\/picto_js.jpg\" alt=\"Picto BC et VAE\"> Accompagnement VAE<\/h2>\n\n\n\n<p><strong>Faites reconna\u00eetre vos comp\u00e9tences par l&#8217;obtention d&#8217;un dipl\u00f4me !<\/strong><\/p>\n\n\n\n<ul class=\"wp-block-list\">\n<li>Informer sur la Validation des Acquis de l&#8217;Exp\u00e9rience (VAE)<\/li>\n\n\n\n<li>Accompagner \u00e0 la recherche de financement<\/li>\n\n\n\n<li>Accompagner \u00e0 la constitution du dossier et la pr\u00e9sentation du dossier VAE devant le jury<\/li>\n<\/ul>\n\n\n\n<p><strong>R\u00e9sultats obtenus en 2022\/2023 (donn\u00e9es recueillies aupr\u00e8s des b\u00e9n\u00e9ficiaires accompagn\u00e9.es)<\/strong>:<br><\/p>\n\n\n\n<ul class=\"wp-block-list\">\n<li>100% des stagiaires sont satisfaits de l\u2019accompagnement<\/li>\n\n\n\n<li>43 personnes accompagn\u00e9es en 2022\/2023 \u2013 93 % des personnes vont au bout de la d\u00e9marche<\/li>\n\n\n\n<li>Sur le passage devant le jury: 74 % de r\u00e9ussite (68 % de validation totale et 6% de validation partielle)<\/li>\n<\/ul>\n\n\n\n<figure class=\"wp-block-image aligncenter size-full\"><img loading=\"lazy\" decoding=\"async\" width=\"655\" height=\"488\" src=\"http:\/\/acteurs-lr.fr\/wp-content\/uploads\/2024\/10\/satisfaction_vae.jpg\" alt=\"Taux satisfaction VAE\" class=\"wp-image-124\" srcset=\"https:\/\/acteurs-lr.fr\/wp-content\/uploads\/2024\/10\/satisfaction_vae.jpg 655w, https:\/\/acteurs-lr.fr\/wp-content\/uploads\/2024\/10\/satisfaction_vae-300x224.jpg 300w\" sizes=\"auto, (max-width: 655px) 100vw, 655px\" \/><\/figure>\n\n\n\n<p><\/p>\n\n\n\n<p><strong>Accompagnement VAE en individuel:<\/strong><br><\/p>\n\n\n\n<p>Objectifs:<\/p>\n\n\n\n<ul class=\"wp-block-list\">\n<li>S\u2019approprier le r\u00e9f\u00e9rentiel<\/li>\n\n\n\n<li>Choisir et d\u00e9crire les diff\u00e9rentes situations-activit\u00e9s<\/li>\n\n\n\n<li>Formaliser la r\u00e9daction du livret de validation<\/li>\n\n\n\n<li>Se pr\u00e9parer \u00e0 l\u2019entretien avec le jury<\/li>\n<\/ul>\n\n\n\n<p>Public: Demandeurs.ses d\u2019emploi, salari\u00e9.es<\/p>\n\n\n\n<p><img loading=\"lazy\" decoding=\"async\" width=\"20\" height=\"20\" class=\"wp-image-210\" style=\"width: 20px;\" src=\"http:\/\/acteurs-lr.fr\/wp-content\/uploads\/2024\/10\/download-1.gif\" alt=\"\"> <a href=\"https:\/\/acteurs-lr.fr\/wp-content\/uploads\/2025\/02\/fiche_action_VAE_acc_ind.pdf\" data-type=\"attachment\" data-id=\"282\">Fiche descriptive de l&#8217;action Accompagnement VAE individuel<\/a><\/p>\n\n\n\n<p>S&#8217;inscrire \u00e0 cette formation depuis votre compte CPF:<br><img loading=\"lazy\" decoding=\"async\" width=\"20\" height=\"20\" class=\"wp-image-219\" style=\"width: 20px;\" src=\"http:\/\/acteurs-lr.fr\/wp-content\/uploads\/2024\/10\/lien.gif\" alt=\"\"> Lien vers les fiches CPF pour l&#8217;accompagnement VAE des territoires: <a href=\"https:\/\/www.moncompteformation.gouv.fr\/espace-prive\/html\/#\/formation\/recherche\/modalite\/localite\/resultats?q=%7B%22ou%22:%7B%22modality%22:%22EN_CENTRE_MIXTE%22,%22type%22:%22CP%22,%22ville%22:%7B%22nom%22:%22MONTPELLIER%22,%22codePostal%22:%2234000%22,%22codeInsee%22:%2234172%22,%22coordonnee%22:%7B%22longitude%22:3.869198,%22latitude%22:43.613087%7D,%22eligibleCpf%22:true%7D%7D,%22debutPagination%22:1,%22nombreOccurences%22:10,%22contexteFormation%22:%22ACTIVITE_PROFESSIONNELLE%22,%22quoi%22:%22vae%22,%22quoiReferentiel%22:null,%22certifications%22:null,%22distance%22:50,%22nomOrganisme%22:%22ASSOCIATION%20ACTEURS%22,%22conformiteReglementaire%22:null,%22endDate%22:null,%22startDate%22:null,%22evaluation%22:null,%22niveauSortie%22:null,%22minPrix%22:null,%22maxPrix%22:null,%22rythme%22:null,%22onlyWithAbondementsEligibles%22:false,%22durationHours%22:null%7D\" data-type=\"link\" data-id=\"https:\/\/www.moncompteformation.gouv.fr\/espace-prive\/html\/#\/formation\/recherche\/modalite\/localite\/resultats?q=%7B%22ou%22:%7B%22modality%22:%22EN_CENTRE_MIXTE%22,%22type%22:%22CP%22,%22ville%22:%7B%22nom%22:%22MONTPELLIER%22,%22codePostal%22:%2234000%22,%22codeInsee%22:%2234172%22,%22coordonnee%22:%7B%22longitude%22:3.869198,%22latitude%22:43.613087%7D,%22eligibleCpf%22:true%7D%7D,%22debutPagination%22:1,%22nombreOccurences%22:6,%22quoi%22:%22vae%22,%22quoiReferentiel%22:null,%22certifications%22:null,%22contexteFormation%22:%22ACTIVITE_PROFESSIONNELLE%22,%22distance%22:500,%22nomOrganisme%22:%22ASSOCIATION%20ACTEURS%22,%22conformiteReglementaire%22:null,%22endDate%22:null,%22startDate%22:null,%22evaluation%22:null,%22niveauSortie%22:null,%22prix%22:null,%22rythme%22:null,%22onlyWithAbondementsEligibles%22:false,%22durationHours%22:null%7D\" target=\"_blank\" rel=\"noreferrer noopener\"><\/a><a href=\"https:\/\/www.moncompteformation.gouv.fr\/espace-prive\/html\/#\/formation\/recherche\/40908997600016_VAEindivpresentiel\/40908997600016_83899?contexteFormation=ACTIVITE_PROFESSIONNELLE\" data-type=\"link\" data-id=\"https:\/\/www.moncompteformation.gouv.fr\/espace-prive\/html\/#\/formation\/recherche\/modalite\/localite\/resultats?q=%7B%22ou%22:%7B%22modality%22:%22EN_CENTRE_MIXTE%22,%22type%22:%22CP%22,%22ville%22:%7B%22nom%22:%22MONTPELLIER%22,%22codePostal%22:%2234000%22,%22codeInsee%22:%2234172%22,%22coordonnee%22:%7B%22longitude%22:3.869198,%22latitude%22:43.613087%7D,%22eligibleCpf%22:true%7D%7D,%22debutPagination%22:1,%22nombreOccurences%22:6,%22quoi%22:%22vae%22,%22quoiReferentiel%22:null,%22certifications%22:null,%22contexteFormation%22:%22ACTIVITE_PROFESSIONNELLE%22,%22distance%22:500,%22nomOrganisme%22:%22ASSOCIATION%20ACTEURS%22,%22conformiteReglementaire%22:null,%22endDate%22:null,%22startDate%22:null,%22evaluation%22:null,%22niveauSortie%22:null,%22prix%22:null,%22rythme%22:null,%22onlyWithAbondementsEligibles%22:false,%22durationHours%22:null%7D\" target=\"_blank\" rel=\"noreferrer noopener\">Montpellier<\/a> \/ <a href=\"https:\/\/www.moncompteformation.gouv.fr\/espace-prive\/html\/#\/formation\/recherche\/40908997600016_VAEindivpresentiel\/40908997600016_VAELUNEL?contexteFormation=ACTIVITE_PROFESSIONNELLE\" data-type=\"link\" data-id=\"https:\/\/www.moncompteformation.gouv.fr\/espace-prive\/html\/#\/formation\/recherche\/modalite\/localite\/resultats?q=%7B%22ou%22:%7B%22modality%22:%22EN_CENTRE_MIXTE%22,%22type%22:%22CP%22,%22ville%22:%7B%22nom%22:%22MONTPELLIER%22,%22codePostal%22:%2234000%22,%22codeInsee%22:%2234172%22,%22coordonnee%22:%7B%22longitude%22:3.869198,%22latitude%22:43.613087%7D,%22eligibleCpf%22:true%7D%7D,%22debutPagination%22:1,%22nombreOccurences%22:6,%22quoi%22:%22vae%22,%22quoiReferentiel%22:null,%22certifications%22:null,%22contexteFormation%22:%22ACTIVITE_PROFESSIONNELLE%22,%22distance%22:500,%22nomOrganisme%22:%22ASSOCIATION%20ACTEURS%22,%22conformiteReglementaire%22:null,%22endDate%22:null,%22startDate%22:null,%22evaluation%22:null,%22niveauSortie%22:null,%22prix%22:null,%22rythme%22:null,%22onlyWithAbondementsEligibles%22:false,%22durationHours%22:null%7D\" target=\"_blank\" rel=\"noreferrer noopener\">Lunel<\/a> \/ <a href=\"https:\/\/www.moncompteformation.gouv.fr\/espace-prive\/html\/#\/formation\/recherche\/40908997600016_VAEindivpresentiel\/40908997600016_VAESETE?contexteFormation=ACTIVITE_PROFESSIONNELLE\" data-type=\"link\" data-id=\"https:\/\/www.moncompteformation.gouv.fr\/espace-prive\/html\/#\/formation\/recherche\/modalite\/localite\/resultats?q=%7B%22ou%22:%7B%22modality%22:%22EN_CENTRE_MIXTE%22,%22type%22:%22CP%22,%22ville%22:%7B%22nom%22:%22MONTPELLIER%22,%22codePostal%22:%2234000%22,%22codeInsee%22:%2234172%22,%22coordonnee%22:%7B%22longitude%22:3.869198,%22latitude%22:43.613087%7D,%22eligibleCpf%22:true%7D%7D,%22debutPagination%22:1,%22nombreOccurences%22:6,%22quoi%22:%22vae%22,%22quoiReferentiel%22:null,%22certifications%22:null,%22contexteFormation%22:%22ACTIVITE_PROFESSIONNELLE%22,%22distance%22:500,%22nomOrganisme%22:%22ASSOCIATION%20ACTEURS%22,%22conformiteReglementaire%22:null,%22endDate%22:null,%22startDate%22:null,%22evaluation%22:null,%22niveauSortie%22:null,%22prix%22:null,%22rythme%22:null,%22onlyWithAbondementsEligibles%22:false,%22durationHours%22:null%7D\" target=\"_blank\" rel=\"noreferrer noopener\">S\u00e8te<\/a><\/p>\n\n\n\n<hr class=\"wp-block-separator has-alpha-channel-opacity\"\/>\n\n\n\n<p><strong>Accompagnement VAE individuel (Plateforme VAE) &#8211; Architecte Accompagnateur de Parcours:<\/strong><br><\/p>\n\n\n\n<p>Objectifs:<\/p>\n\n\n\n<ul class=\"wp-block-list\">\n<li>Pr\u00e9ciser son projet VAE<\/li>\n\n\n\n<li>Compl\u00e9ter le dossier de faisabilit\u00e9 avec AAP<\/li>\n\n\n\n<li>Elaborer un parcours individualis\u00e9 pouvant inclure des immersions et des actes formatifs<\/li>\n\n\n\n<li>S\u2019approprier le r\u00e9f\u00e9rentiel<\/li>\n\n\n\n<li>Choisir et d\u00e9crire les diff\u00e9rentes situations-activit\u00e9s<\/li>\n\n\n\n<li>Formaliser la r\u00e9daction du dossier de validation<\/li>\n\n\n\n<li>Se pr\u00e9parer \u00e0 l\u2019entretien avec le jury<\/li>\n<\/ul>\n\n\n\n<p>Public: Demandeurs.ses d\u2019emploi, salari\u00e9.es du secteur priv\u00e9, b\u00e9n\u00e9voles, aidant.es-familiaux\u2026<\/p>\n\n\n\n<p><img loading=\"lazy\" decoding=\"async\" width=\"20\" height=\"20\" class=\"wp-image-210\" style=\"width: 20px;\" src=\"http:\/\/acteurs-lr.fr\/wp-content\/uploads\/2024\/10\/download-1.gif\" alt=\"\"> <a href=\"https:\/\/acteurs-lr.fr\/wp-content\/uploads\/2025\/01\/fiche_action_VAE-AAP_acc_ind.pdf\" data-type=\"attachment\" data-id=\"277\" target=\"_blank\" rel=\"noreferrer noopener\">Fiche descriptive de l&#8217;action Accompagnement VAE &#8211; Architecte Accompagnateur de Parcours &#8211; Plateforme VAE<\/a><\/p>\n\n\n\n<p>Les dipl\u00f4mes sur lesquels ACTEURS peut vous accompagner dans la d\u00e9marche VAE en qualit\u00e9 d\u2019Architecte Accompagnateur de Parcours:<\/p>\n\n\n\n<p><img loading=\"lazy\" decoding=\"async\" width=\"20\" height=\"20\" class=\"wp-image-210\" style=\"width: 20px;\" src=\"http:\/\/acteurs-lr.fr\/wp-content\/uploads\/2024\/10\/download-1.gif\" alt=\"\"> <a href=\"https:\/\/acteurs-lr.fr\/wp-content\/uploads\/2024\/11\/Liste-diplomes-PF-VAE.pdf\" data-type=\"attachment\" data-id=\"258\" target=\"_blank\" rel=\"noreferrer noopener\">Liste des dipl\u00f4mes<\/a><\/p>\n\n\n\n<p>S&#8217;inscrire \u00e0 cette formation depuis la plateforme VAE:<br><img loading=\"lazy\" decoding=\"async\" width=\"20\" height=\"20\" class=\"wp-image-219\" style=\"width: 20px;\" src=\"http:\/\/acteurs-lr.fr\/wp-content\/uploads\/2024\/10\/lien.gif\" alt=\"\"> <a href=\"https:\/\/vae.gouv.fr\/\" data-type=\"link\" data-id=\"https:\/\/vae.gouv.fr\/\" target=\"_blank\" rel=\"noreferrer noopener\">Plateforme France VAE<\/a><\/p>\n\n\n\n<p><img loading=\"lazy\" decoding=\"async\" width=\"20\" height=\"20\" class=\"wp-image-219\" style=\"width: 20px;\" src=\"http:\/\/acteurs-lr.fr\/wp-content\/uploads\/2024\/10\/lien.gif\" alt=\"\"> Lien vers les fiches CPF pour l&#8217;accompagnement Parcours France VAE (dipl\u00f4mes du secteur Sanitaire et Social) des territoires: <a href=\"https:\/\/www.moncompteformation.gouv.fr\/espace-prive\/html\/#\/formation\/recherche\/modalite\/localite\/resultats?q=%7B%22ou%22:%7B%22modality%22:%22EN_CENTRE_MIXTE%22,%22type%22:%22CP%22,%22ville%22:%7B%22nom%22:%22MONTPELLIER%22,%22codePostal%22:%2234000%22,%22codeInsee%22:%2234172%22,%22coordonnee%22:%7B%22longitude%22:3.869198,%22latitude%22:43.613087%7D,%22eligibleCpf%22:true%7D%7D,%22debutPagination%22:1,%22nombreOccurences%22:10,%22contexteFormation%22:%22ACTIVITE_PROFESSIONNELLE%22,%22quoi%22:%22vae%22,%22quoiReferentiel%22:null,%22certifications%22:null,%22distance%22:50,%22nomOrganisme%22:%22ASSOCIATION%20ACTEURS%22,%22conformiteReglementaire%22:null,%22endDate%22:null,%22startDate%22:null,%22evaluation%22:null,%22niveauSortie%22:null,%22minPrix%22:null,%22maxPrix%22:null,%22rythme%22:null,%22onlyWithAbondementsEligibles%22:false,%22durationHours%22:null%7D\" data-type=\"link\" data-id=\"https:\/\/www.moncompteformation.gouv.fr\/espace-prive\/html\/#\/formation\/recherche\/modalite\/localite\/resultats?q=%7B%22ou%22:%7B%22modality%22:%22EN_CENTRE_MIXTE%22,%22type%22:%22CP%22,%22ville%22:%7B%22nom%22:%22MONTPELLIER%22,%22codePostal%22:%2234000%22,%22codeInsee%22:%2234172%22,%22coordonnee%22:%7B%22longitude%22:3.869198,%22latitude%22:43.613087%7D,%22eligibleCpf%22:true%7D%7D,%22debutPagination%22:1,%22nombreOccurences%22:6,%22quoi%22:%22vae%22,%22quoiReferentiel%22:null,%22certifications%22:null,%22contexteFormation%22:%22ACTIVITE_PROFESSIONNELLE%22,%22distance%22:500,%22nomOrganisme%22:%22ASSOCIATION%20ACTEURS%22,%22conformiteReglementaire%22:null,%22endDate%22:null,%22startDate%22:null,%22evaluation%22:null,%22niveauSortie%22:null,%22prix%22:null,%22rythme%22:null,%22onlyWithAbondementsEligibles%22:false,%22durationHours%22:null%7D\" target=\"_blank\" rel=\"noreferrer noopener\"><\/a><a href=\"https:\/\/www.moncompteformation.gouv.fr\/espace-prive\/html\/#\/formation\/recherche\/40908997600016_VAE_SanitaireSociale_FranceVAE\/40908997600016_VAE_SanitaireSocial_MTP?contexteFormation=ACTIVITE_PROFESSIONNELLE\" data-type=\"link\" data-id=\"https:\/\/www.moncompteformation.gouv.fr\/espace-prive\/html\/#\/formation\/recherche\/40908997600016_VAE_SanitaireSociale_FranceVAE\/40908997600016_VAE_SanitaireSocial_MTP?contexteFormation=ACTIVITE_PROFESSIONNELLE\" target=\"_blank\" rel=\"noreferrer noopener\">Montpellier <\/a>\/ <a href=\"https:\/\/www.moncompteformation.gouv.fr\/espace-prive\/html\/#\/formation\/recherche\/40908997600016_VAE_SanitaireSociale_FranceVAE\/40908997600016_VAE_SanitaireSocial_LNL?contexteFormation=ACTIVITE_PROFESSIONNELLE\" data-type=\"link\" data-id=\"https:\/\/www.moncompteformation.gouv.fr\/espace-prive\/html\/#\/formation\/recherche\/40908997600016_VAE_SanitaireSociale_FranceVAE\/40908997600016_VAE_SanitaireSocial_LNL?contexteFormation=ACTIVITE_PROFESSIONNELLE\" target=\"_blank\" rel=\"noreferrer noopener\">Lunel <\/a>\/ <a href=\"https:\/\/www.moncompteformation.gouv.fr\/espace-prive\/html\/#\/formation\/recherche\/40908997600016_VAE_SanitaireSociale_FranceVAE\/40908997600016_VAE_SanitaireSocial_SETE?contexteFormation=ACTIVITE_PROFESSIONNELLE\" data-type=\"link\" data-id=\"https:\/\/www.moncompteformation.gouv.fr\/espace-prive\/html\/#\/formation\/recherche\/modalite\/localite\/resultats?q=%7B%22ou%22:%7B%22modality%22:%22EN_CENTRE_MIXTE%22,%22type%22:%22CP%22,%22ville%22:%7B%22nom%22:%22MONTPELLIER%22,%22codePostal%22:%2234000%22,%22codeInsee%22:%2234172%22,%22coordonnee%22:%7B%22longitude%22:3.869198,%22latitude%22:43.613087%7D,%22eligibleCpf%22:true%7D%7D,%22debutPagination%22:1,%22nombreOccurences%22:6,%22quoi%22:%22vae%22,%22quoiReferentiel%22:null,%22certifications%22:null,%22contexteFormation%22:%22ACTIVITE_PROFESSIONNELLE%22,%22distance%22:500,%22nomOrganisme%22:%22ASSOCIATION%20ACTEURS%22,%22conformiteReglementaire%22:null,%22endDate%22:null,%22startDate%22:null,%22evaluation%22:null,%22niveauSortie%22:null,%22prix%22:null,%22rythme%22:null,%22onlyWithAbondementsEligibles%22:false,%22durationHours%22:null%7D\" target=\"_blank\" rel=\"noreferrer noopener\">S\u00e8te<\/a><\/p>\n\n\n\n<p><\/p>\n","protected":false},"excerpt":{"rendered":"<p>Bilan de Comp\u00e9tences Devenez Acteurs de votre avenir professionnel ! Objectifs: Public: Demandeurs.ses d\u2019emploi, salari\u00e9.es Plaquette de communication sur nos actions Bilan de Comp\u00e9tences Fiche descriptive de l&#8217;action Bilan de Comp\u00e9tences (24h) Fiche descriptive de l&#8217;action Bilan de Comp\u00e9tences &#8211; Confirmation de Projet (14h) S&#8217;inscrire \u00e0 cette formation depuis votre compte CPF: Lien vers les [&hellip;]<\/p>\n","protected":false},"author":1,"featured_media":0,"parent":0,"menu_order":0,"comment_status":"closed","ping_status":"closed","template":"","meta":{"_themeisle_gutenberg_block_has_review":false,"footnotes":""},"class_list":["post-104","page","type-page","status-publish","hentry"],"_links":{"self":[{"href":"https:\/\/acteurs-lr.fr\/index.php\/wp-json\/wp\/v2\/pages\/104","targetHints":{"allow":["GET"]}}],"collection":[{"href":"https:\/\/acteurs-lr.fr\/index.php\/wp-json\/wp\/v2\/pages"}],"about":[{"href":"https:\/\/acteurs-lr.fr\/index.php\/wp-json\/wp\/v2\/types\/page"}],"author":[{"embeddable":true,"href":"https:\/\/acteurs-lr.fr\/index.php\/wp-json\/wp\/v2\/users\/1"}],"replies":[{"embeddable":true,"href":"https:\/\/acteurs-lr.fr\/index.php\/wp-json\/wp\/v2\/comments?post=104"}],"version-history":[{"count":32,"href":"https:\/\/acteurs-lr.fr\/index.php\/wp-json\/wp\/v2\/pages\/104\/revisions"}],"predecessor-version":[{"id":317,"href":"https:\/\/acteurs-lr.fr\/index.php\/wp-json\/wp\/v2\/pages\/104\/revisions\/317"}],"wp:attachment":[{"href":"https:\/\/acteurs-lr.fr\/index.php\/wp-json\/wp\/v2\/media?parent=104"}],"curies":[{"name":"wp","href":"https:\/\/api.w.org\/{rel}","templated":true}]}}